
Let f(x) = x**3 + 17*x**2 - 14*x - 20. Calculate f(-18).
-92
Let s(u) = 2*u**3 + 7*u**2 - u + 17. Determine s(-4).
5
Let v(u) = u**2 - 3*u - 22. Give v(6).
-4
Let y(r) = 44*r**3 + 3*r**2 - 4*r + 1. Give y(1).
44
Let c(i) = 7*i - 7. Determine c(2).
7
Let n(q) = q**2 - 7*q - 14. What is n(7)?
-14
Let r(d) = -3*d**2 + 18*d - 17. Give r(6).
-17
Let p(f) = 2*f**2 - 14*f - 118. Give p(12).
2
Let c(o) = -33*o**3 + 2*o**2 - 2*o + 1. Calculate c(1).
-32
Let q(s) = 6*s - 28. What is q(4)?
-4
Let f(s) = -s**3 - 9*s**2 + 24*s + 6. Calculate f(-11).
-16
Let t(u) = -8*u - 8. Determine t(-1).
0
Let v(w) = w**3 + 6*w**2 + 4*w + 7. Calculate v(-5).
12
Let f(c) = -2*c**3 - 50*c**2 - 2*c - 50. Calculate f(-25).
0
Let l(i) = -i**2 - 17*i - 25. What is l(-17)?
-25
Let k(d) = -d**2 + 5*d + 40. Give k(9).
4
Let p(w) = -13*w**2 - 5*w - 5. Determine p(-1).
-13
Let r(n) = 6*n. Determine r(3).
18
Let m(b) = -9*b + 167. Give m(18).
5
Let m(c) = -6*c + 11. What is m(-6)?
47
Let u(d) = 19*d - 7. Give u(8).
145
Let u(i) = 6*i + 37. Calculate u(-7).
-5
Let g(s) = 5*s - 28. Give g(-4).
-48
Let q(v) = -v**3 + 24*v**2 + 28*v - 81. Determine q(25).
-6
Let q(h) = h**2 - 4*h - 4. Determine q(6).
8
Let z(q) = q**2 - 3*q. Determine z(-3).
18
Let b(m) = -m**3 + 3*m - 2. Give b(-3).
16
Let h(m) = -m**2 - 5*m + 2. Determine h(-5).
2
Let m(u) = -u**3 + 2*u**2 + 6*u - 14. What is m(3)?
-5
Let s(o) = -o**2 + 29*o - 207. Determine s(10).
-17
Let m(y) = -2*y**2 - 28*y - 2. Determine m(-14).
-2
Let i(r) = -241*r - 953. What is i(-4)?
11
Let a(g) = 3*g**2 + 42*g + 7. Give a(-14).
7
Let o(r) = -r**2 + 4*r + 10. Give o(5).
5
Let h(y) = 3*y - 5. Calculate h(4).
7
Let x(c) = c**3 - 4*c**2 - 14*c + 10. Give x(6).
-2
Let t(y) = -2*y - 3. What is t(6)?
-15
Let y(s) = s**3 + 22*s**2 + 24*s + 60. Give y(-21).
-3
Let c(m) = m**2 + 3*m - 7. What is c(-5)?
3
Let h(t) = t**2 - 2*t - 1. Calculate h(7).
34
Let o(m) = m**2 + 4. Calculate o(0).
4
Let z(i) = -i**2 - 3*i - 4. Calculate z(-6).
-22
Let t(u) = u**2 - 26*u + 92. Give t(4).
4
Let q(f) = f**3 + 3*f**2 - 7*f + 6. Calculate q(-6).
-60
Let j(s) = 3*s**3 - 76*s**2 + 24*s + 23. Give j(25).
-2
Let h(i) = -7*i**2 - 2*i + 4. Determine h(-2).
-20
Let m(n) = -9*n**2 + 67*n - 10. What is m(7)?
18
Let d(l) = -l**3 + 33*l**2 + 69*l + 29. Calculate d(35).
-6
Let r(q) = -2*q**3 - 23*q**2 + 15*q + 58. Give r(-12).
22
Let x(b) = b + 8. Determine x(-8).
0
Let w(p) = 22*p**3 + 1. Determine w(1).
23
Let j(x) = -x**2 - 58*x + 240. Determine j(4).
-8
Let p(a) = -a**3 + 3*a**2 + 3*a - 2. Give p(3).
7
Let i(p) = p**3 - 3*p + 4. Give i(-3).
-14
Let h(s) = 16*s + 198. Determine h(-11).
22
Let z(q) = -q**3 + 5*q**2 + 3*q - 6. Give z(5).
9
Let h(y) = 3*y**2 - 18*y + 1. Give h(6).
1
Let j(x) = x**2 - 2*x + 2. What is j(0)?
2
Let h(s) = 12*s + 32. Calculate h(-4).
-16
Let i(y) = -y**2 + 4*y + 15. Determine i(6).
3
Let u(o) = 8*o**3 - o**2 - 4*o - 1. What is u(-2)?
-61
Let j(m) = -m - 2. Determine j(-4).
2
Let g(k) = -k**3 - 18*k**2 + 2*k + 41. Give g(-18).
5
Let h(s) = 6*s**2 - 32*s - 1. What is h(5)?
-11
Let i(f) = f**3 - 7*f**2 + 2*f - 13. Give i(7).
1
Let r(h) = h**2 + h - 21. What is r(-5)?
-1
Let y(c) = -c**3 - 3*c**2 - c. What is y(-2)?
-2
Let d(p) = -p**2 + 7*p + 104. Determine d(-7).
6
Let u(m) = -2*m**2 + 7*m - 4. What is u(1)?
1
Let z(f) = -5*f + 113. Give z(16).
33
Let a(w) = 32*w**3 - 1. What is a(1)?
31
Let x(c) = c - 24. What is x(-18)?
-42
Let l(v) = v**3 + v**2 - 5*v + 4. Give l(1).
1
Let d(s) = s**3 - 14*s**2 + 12*s + 20. Determine d(13).
7
Let f(s) = s**3 - 6*s**2 + 3*s - 1. What is f(6)?
17
Let p(x) = x**2 + 16*x - 1. Determine p(-16).
-1
Let b(x) = -x**2 + 15*x + 15. What is b(-1)?
-1
Let k(p) = 2*p**3 - p**2 - p + 4. Give k(3).
46
Let y(l) = 2*l**2 - 28*l - 29. What is y(15)?
1
Let q(t) = t**2 + 16*t - 58. Determine q(-18).
-22
Let u(b) = -b - 18. Give u(7).
-25
Let p(q) = 3*q**3 - q**2 + 4*q - 3. Calculate p(1).
3
Let a(s) = 9*s**2 + 5*s - 2. What is a(-4)?
122
Let j(u) = -u**3 + 9*u**2 - u - 3. Calculate j(9).
-12
Let m(j) = -j**2 - 3*j + 10. What is m(5)?
-30
Let x(o) = 7*o + 4. Calculate x(2).
18
Let i(c) = c**2 + 7*c - 3. Determine i(-6).
-9
Let f(n) = n**3 + 12*n**2 + 17. What is f(-12)?
17
Let u(w) = -79*w - 378. Calculate u(-5).
17
Let n(d) = -d**2 - 10*d - 15. What is n(-8)?
1
Let o(z) = -z**2 - 7*z + 10. Give o(-10).
-20
Let o(p) = 5*p - 30. Give o(4).
-10
Let p(t) = -t**3 + 9*t**2 + 2. Calculate p(9).
2
Let z(h) = -h**2 - 2*h + 2. Determine z(-4).
-6
Let p(x) = x**2 + 17*x - 2. What is p(-16)?
-18
Let x(s) = -s**3 + 6*s**2 - s + 8. Determine x(6).
2
Let s(w) = -w**2 - 32*w. Determine s(-30).
60
Let q(z) = -3*z**2 + 132*z + 2. Calculate q(44).
2
Let d(o) = -o**3 - 9*o**2 - 25*o - 53. Determine d(-6).
-11
Let y(k) = -3*k**3 - 2*k**2 - 4*k - 2. Calculate y(-2).
22
Let w(b) = -b**3 + 10*b**2 - 9*b - 2. What is w(9)?
-2
Let k(j) = -8*j - 22. Give k(-2).
-6
Let p(b) = -b**3 + 8*b**2 + 33*b - 11. Give p(11).
-11
Let f(r) = r**3 + 9*r**2 + 6*r - 5. Calculate f(-8).
11
Let b(f) = 5*f - 41. What is b(10)?
9
Let s(d) = d**3 - 3*d**2 - 11*d + 6. Calculate s(-3).
-15
Let k(j) = j + 26. Calculate k(-14).
12
Let g(u) = u**3 - 4*u - 6. Determine g(-3).
-21
Let y(n) = n**3 + 8*n**2 + 6*n + 4. Give y(-6).
40
Let y(q) = -q**3 - 22*q**2 - 2*q - 45. Determine y(-22).
-1
Let c(y) = 28*y - 1. What is c(2)?
55
Let f(a) = -27*a - 1. Determine f(4).
-109
Let s(t) = t**2 + 24*t + 45. Determine s(-22).
1
Let t(s) = 2*s - 6. Calculate t(22).
38
Let g(c) = 23*c**2 - 3*c + 5. Give g(1).
25
Let n(h) = -4*h**2 - 7*h - 8. Determine n(-2).
-10
Let x(s) = -s**3 - 14*s**2 - 25*s - 2. Determine x(-12).
10
Let o(z) = z**2 + 16*z + 22. Give o(-11).
-33
Let d(a) = -a**2 - 18*a - 63. Determine d(-13).
2
Let z(q) = q**3 - q**2 - 9*q - 2. What is z(-3)?
-11
Let q(c) = c**2 + 9*c + 7. What is q(-8)?
-1
Let p(g) = 129*g + 137. Calculate p(-1).
8
Let q(z) = z**2 + 14*z + 37. Calculate q(-11).
4
Let j(s) = -2*s + 9. Calculate j(1).
7
Let o(b) = -6*b**3 + b**2 - 2*b - 2. Calculate o(-1).
7
Let w(k) = -4*k + 11. Calculate w(-31).
135
Let c(u) = -u**3 + 6*u**2 + 5*u + 8. Determine c(7).
-6
Let o(w) = -5*w**2 - 13*w - 2. What is o(-4)?
-30
Let c(d) = -d**3 - d**2 + d - 1. Give c(1).
-2
Let z(b) = -b**3 - 8*b**2 - 4. Determine z(-8).
-4
Let w(l) = -11*l**2. Give w(2).
-44
Let y(t) = t**2 + 6*t - 7. Give y(-5).
-12
Let n(v) = -v**2 + v - 9. What is n(-7)?
-65
Let r(u) = 2*u - 12. Determine r(4).
-4
Let c(h) = -h**2 - 8*h - 1. Give c(-9).
-10
Let h(t) = t**2 - 9*t + 9. Determine h(4).
-11
Let z(a) = -a**3 - 9*a**2 + 10*a + 6. What is z(-10)?
6
Let x(d) = -d**2. Give x(2).
-4
Let b(y) = -y**3 - 4*y**2 + 4*y + 10. Give b(-4).
-6
Let i(o) = -o + 40. Give i(41).
-1
Let l(q) = 13*q + 6. Determine l(-4).
-46
Let m(q) = -144*q + 143. Determine m(1).
-1
Let p(i) = -i**3 - 15*i**2 - 14*i + 7. What is p(-14)?
7
Let y(g) = -g**3 + 2*g**2 + g + 1. Calculate y(0).
1
Let s(p) = 11*p - 15. What is s(-4)?
-59
Let y(s) = s**3 - 4*s**2 + 9*s - 11. What is y(3)?
7
Let h(g) = -2*g**3 + g**2 + 11*g + 3. Determine h(-3).
33
Let q(o) = o**3 - 5*o**2 - 5*o. Give q(5).
-25
Let q(u) = -10*u + 133. Calculate q(14).
-7
Let j(u) = -u**2 + 6*u - 8. Calculate j(4).
0
Let k(n) = 7*n - 68. Determine k(12).
16
Let x(k) = -2*k**2 - 32*k + 42. Calculate x(-17).
8
Let r(s) = 13*s - 22. Give r(4).
30
Let l(j) = -3*j**2 - 6*j + 2. Give l(-3).
-7
Let m(r) = 2*r**2 - 10*r - 6. Give m(5).
-6
Let x(v) = -4*v**3 + 4*v**2 - 7*v + 5. Determine x(2).
-25
Let r(a) = -a**2 - 10*a + 23. Give r(2).
-1
Let j(x) = -x**2 + 7. What is j(0)?
7
Let t(a) = -a**2 + 11*a - 19. Give t(7).
9
Let d(q) = -q**3 - 54*q**2 - 53*q - 7. Determine d(-53).
-7
Let b(d) = -8*d + 15. What is b(8)?
-49
Let s(y) = -6*y - 5. Determine s(-4).
19
Let d(m) = m**2 + 7*m - 14. Calculate d(-9).
4
Let t(z) = -z**3 + 6*z**2 - 10*z + 15. Calculate t(5).
-10
Let y(j) = -14*j - 2. Determine y(3).
-44
Let p(o) = o**3 - 8*o**2 - 4*o - 13. What is p(8)?
-45
Let o(t) = t**3 + 8*t**2 - 9. Calculate o(-8).
-9
Let f(s) = -15*s + 159. What is f(10)?
9
Let r(j) = -5*j - 22. Give r(-8).
18
Let f(a) = 4*a - 33. Determine f(8).
-1
Let b(n) = n + 19. Calculate b(-14).
5
Let d(c) = c**3 + 30*c**2 + 55*c - 17. Give d(-28).
11
Let o(b) = -27*b + 50. Give o(5).
-85
Let k(q) = q**3 + 9*q**2 + 3*q + 2